597
Let z = -52 - -54. What are the prime factors of (-350)/1*104/(-130) - z?
2, 139
Suppose 16*w - 13*w + 20*w - 801872 = 0. What are the prime factors of w?
2, 2179
Let b = 16202 + -7486. What are the prime factors of b?
2, 2179
Suppose -z + 5*p = -4431, 0 = -5*z + 7*p + 6*p + 22167. What are the prime factors of z?
2, 1109
Suppose 0 = 5*x - 3*x - 5*i + 189, -4*i + 102 = -x. Let v = x + 188. What are the prime factors of v?
2, 53
Let p = 6136 - 3602. What are the prime factors of p?
2, 7, 181
Suppose -114 = 3*h + 4*b, -5*h - 80 = -3*b + 81. Let w(k) = -k**2 - 72*k + 2. List the prime factors of w(h).
2, 647
Let y(o) = -44*o - 29. Let v(l) = l**3 - 10*l**2 - 11*l - 4. Let n be v(11). List the prime factors of y(n).
3, 7
Suppose 159 - 419 = -5*b. Suppose 0 = -2*i - b + 180. Let c = i - 28. List the prime factors of c.
2, 3
Let b(r) = 6*r**2 + 25*r + 12. Let l be b(-4). Let c(a) = 173*a - 97. List the prime factors of c(l).
3, 11, 13
Let k = -51 - -55. Suppose -k*t = -3*t - 5*y - 537, 2*t - 4*y = 1044. Let q = 762 - t. List the prime factors of q.
2, 5
Let x(p) = 631*p + 10109. List the prime factors of x(25).
2, 3, 719
Let j be 1*(4 + -4)/4. Suppose j = 7*c - 1630 + 4514. What are the prime factors of c/(-6) + 12/36?
3, 23
Suppose 0 = -n - 19*l + 17*l + 3237, n + 5*l = 3228. List the prime factors of n.
3, 23, 47
Let x(b) = -6*b**3 - 26*b**2 - 16. Suppose 35 = 12*p + 131. List the prime factors of x(p).
2, 3, 29
Let j be (-2 - -1)*(-11 - -11). Suppose 2*u = -4*s - j*s + 1584, 5*s - 1950 = 5*u. List the prime factors of s.
2, 197
Suppose 4085 + 8053 = 7*l. Suppose 0 = -5*n, l = 2*q + 16*n - 12*n. What are the prime factors of q?
3, 17
Let q(z) = -3*z - 33. Let c be q(-22). Suppose 6288 = -9*v + c*v. What are the prime factors of v?
2, 131
Let i = -3 - 4. Let z(y) = -11*y**2 - 26*y + 2. Let r(l) = -9*l**2 - 25*l + 1. Let b(v) = 5*r(v) - 4*z(v). What are the prime factors of b(i)?
5, 19
Let q be 2/6 - 231/99. List the prime factors of 1396*((12/8 - -1) + q).
2, 349
Suppose 0 = 5*d - 4 + 34. Let v(j) = -6*j**2 - 31*j - 46. Let m be v(-6). List the prime factors of m/(-3) + d/(-9).
2, 13
Suppose -247 = -7*q - 6*q. Let y = 24 - q. Suppose -y = r - 69. What are the prime factors of r?
2
Let y be 2 - (-10 - 56/(-8)). What are the prime factors of ((-30)/y)/((-2)/384)?
2, 3
Let t = -3690 + 32277. List the prime factors of t.
3, 13, 733
What are the prime factors of 18/(-2)*(-3200)/10?
2, 3, 5
Let r(j) be the first derivative of 85*j**2 + 6*j - 15. What are the prime factors of r(3)?
2, 3, 43
Let o(t) = -1420*t - 6. What are the prime factors of o(-12)?
2, 3, 17, 167
Suppose 4*n = -5*q + 375, -n - 192 = -3*n - 4*q. Suppose -g = 3*s + 14 + 149, 5*s + 249 = 4*g. Let y = n + s. What are the prime factors of y?
37
Suppose 2*g = -7*k + 39630, 3*g = -g - 3*k + 79260. List the prime factors of g.
3, 5, 1321
Let q be ((-4)/3)/(2/78). Let k = -54 - q. List the prime factors of (-3)/3 + (k - -132).
3, 43
Let h be 3/(-15) + (-3 - 976/20). Let d = h + 36. List the prime factors of (d/(-5))/((-16)/(-680)).
2, 17
Let s(z) be the third derivative of -5*z**4/8 - z**3/6 + 6*z**2. Suppose -3*y = q + 7, -y - 4*q = -0*y - 16. List the prime factors of s(y).
59
Let d(w) = -9*w + 21. Let c be d(5). Let m = c + 26. What are the prime factors of (11 - 211)/(m/(-2) + 0)?
2, 5
Let q = -98 + 109. Let t be q/4 + 4 + (-60)/16. Suppose -2*h = -a - 195, -3*h + t*a = 5*a - 310. What are the prime factors of h?
2, 5
Suppose 12*i = -242*i + 4889246. What are the prime factors of i?
19249
Suppose 9*o = -5*r + 5*o + 1192, r - 6*o - 252 = 0. Suppose 5 + 115 = t. Let i = r - t. List the prime factors of i.
2, 3, 5
Suppose -49*o + 66*o - 54485 = 0. List the prime factors of (o/(-25))/((-4)/20).
641
Suppose 8 = 5*s - 2. Suppose s*k + 2*k + 2*c = 190, -c - 97 = -2*k. Let u = k - -14. What are the prime factors of u?
2, 31
Let r = 179 + -172. Let a = r + 10. List the prime factors of a.
17
Suppose 0 = 4*w + 2*w - 18. Suppose -21 = -w*d + 3. List the prime factors of ((11 - -1)*-1)/(d/(-20)).
2, 3, 5
Let l(v) = v**3 - 20*v**2 - 30*v - 10. Let f be l(23). Let b = f + -463. What are the prime factors of b?
2, 53
Suppose 725 = 9*g - 4*g. Let z = -124 + g. What are the prime factors of z?
3, 7
Let s(v) = 4745*v + 2803. List the prime factors of s(5).
2, 829
Let q be ((-3)/1 - (8 + -21)) + -1. Let w = q + -3. Suppose 134 = 2*z + w. What are the prime factors of z?
2
Let l(w) = -w**3 - 6*w**2 - 18*w - 1. Let n be l(-4). Suppose 21 = -4*s - n. List the prime factors of (-9)/s + 247*(-4)/(-20).
2, 5
Let m(b) = 3*b - 171. Let x be m(0). Let n be -2 - ((-9)/(3 + 0) + x). Let i = n + -55. What are the prime factors of i?
3, 13
Let r(m) = -m**3 - 9*m**2 - 12*m - 41. Let s be r(-6). What are the prime factors of 27/(-99) - 20426/s?
5, 53
Let o = -7142 - -14143. List the prime factors of o.
7001
Suppose -18*l - 306050 = -68*l. What are the prime factors of l?
6121
Let n(b) = b - 5*b + b - 8 - 9. Let m be n(-5). List the prime factors of (6/(-12))/(1 + m)*34.
17
Suppose 0 = 2*r - 5*j - 142163, -4*r + 2*j + 109048 + 175318 = 0. List the prime factors of r.
2, 3, 17, 41
Let z be (-24)/36*(-222)/4. Let x = z + -18. Suppose -4*t + x = -13. What are the prime factors of t?
2
Let f(y) = 7*y**2 + 12*y + 36. Let a(g) = -2*g**2 - 18*g + 5. Let i be a(-10). Let z be f(i). List the prime factors of ((-8)/4)/((-3)/(z/6)).
3, 53
Let n be 1 - -6 - 179 - (2 + -1). Let d = n - -180. What are the prime factors of d?
7
Let u be 3/6*(3 - 5 - -2). Suppose u = 8*p + 571 - 2747. List the prime factors of p.
2, 17
Let t = 15382 + 37774. What are the prime factors of t?
2, 97, 137
Let b(a) = 106*a + 4328. What are the prime factors of b(6)?
2, 17, 73
Suppose -5*h + 17446 = 6*w, -21*h + 24*h + 2*w = 10466. List the prime factors of h.
2, 109
Let w = 16200 - -5101. What are the prime factors of w?
7, 17, 179
Let d be ((-168)/140)/(3/40). What are the prime factors of (-18 - d)/((-52)/48 - -1)?
2, 3
Let m be ((-135)/60)/((-2)/16). Suppose 0*k = 2*k - m. What are the prime factors of k/(-6) + (-354)/(-4)?
3, 29
Suppose -9*h = 19*h + 2464. List the prime factors of 4/(-6 - 544/h).
2, 11
Let z = 794 + -777. Suppose -z*l + 6916 = -12311. What are the prime factors of l?
3, 13, 29
Let d(m) = 3*m**3 - 26*m**2 - 10*m - 18. What are the prime factors of d(17)?
31, 227
Let q = -109 + 184. Let g = q + 292. List the prime factors of g.
367
Let p = 20 - 20. Suppose 2*z = a + 14, 2*a = -2*z - p*a + 20. Let o(s) = -s**3 + 8*s**2 + 5*s - 7. What are the prime factors of o(z)?
3, 11
Let y be ((-502)/(-6))/((-8)/96*-4). Let h = 0 + y. List the prime factors of h.
251
Let m = -5723 + 14963. What are the prime factors of m?
2, 3, 5, 7, 11
Let f(k) = -2*k**3 - 15*k**2 + 10*k + 27. Let y be f(-8). Suppose -y*v + 27*v - 4032 = 0. List the prime factors of v.
2, 3, 7
Suppose 8216 = 6*v - 5*v. Suppose -v = -10*b - 3*b. List the prime factors of b.
2, 79
Let i(p) = 9*p**2 + 3*p + 18. Let d be i(-7). Let o = -138 + d. What are the prime factors of o?
2, 3, 5
Suppose -118*d + 114*d = -46208. What are the prime factors of d?
2, 19
Suppose -229*y + 233*y + 2*t - 24600 = 0, 4*t - 30747 = -5*y. List the prime factors of y.
6151
Let r(s) = 142*s**2 + 77*s + 41. What are the prime factors of r(-6)?
4691
Let b(k) = -190*k + 16. Let q be b(-2). Let g = q - 127. What are the prime factors of g?
269
Let r(y) = 7*y**2 - 13*y + 50. Let i be r(7). Suppose -3*q - i = -4*q. What are the prime factors of q?
2, 151
Suppose 0 = -3*c - 278 + 266. What are the prime factors of (-4050)/(-9) - 15/(c - -1)?
5, 7, 13
Let b = -137 - -1644. List the prime factors of b.
11, 137
Suppose -4*b + 31 = 27. Let u be 4 + 34 - -4*b. Let m = u + 185. What are the prime factors of m?
227
Let n(t) = -22*t - 1. Let b(m) = -m. Let o(j) = -j**2 + 5. Let w be o(0). Let q(f) = w*b(f) - n(f). What are the prime factors of q(6)?
103
Let u be 39*(3/(-18)*-8 + 0). Suppose o + 0*o + u = 0. List the prime factors of o/6*(-135)/18.
5, 13
Let y = -260 - -94. Let i = y - -823. List the prime factors of i.
3, 73
Suppose r + 5918 = 2*v, -v = -393*r + 392*r - 2956. List the prime factors of v.
2, 1481
Let p(u) = 2*u**3 - 2*u**2 + u + 1. Let n be p(1). Let v = -5 + 7. Suppose n*t - 222 = -v*f, -3*f + 3*t + 2*t = 